actor of 1107 and 27?
27
What is the highest common factor of 636 and 744?
12
What is the highest common divisor of 11752 and 195?
13
What is the highest common divisor of 104 and 1196?
52
Calculate the greatest common divisor of 49 and 42.
7
Calculate the greatest common divisor of 4680 and 117.
117
What is the greatest common factor of 5781 and 141?
141
What is the greatest common divisor of 9 and 3573?
9
What is the highest common divisor of 2025 and 50?
25
What is the highest common factor of 440 and 160?
40
What is the highest common divisor of 2992 and 48?
16
What is the highest common divisor of 23733 and 243?
81
What is the highest common divisor of 5 and 3?
1
What is the greatest common factor of 21 and 385?
7
What is the greatest common factor of 246 and 2?
2
What is the highest common divisor of 15 and 29595?
15
What is the greatest common factor of 3575 and 25?
25
Calculate the highest common divisor of 99165 and 165.
165
What is the greatest common factor of 66 and 759?
33
Calculate the highest common divisor of 512 and 80.
16
What is the greatest common factor of 12 and 192?
12
What is the greatest common divisor of 462 and 8?
2
What is the greatest common factor of 46 and 161?
23
What is the greatest common divisor of 1496 and 272?
136
Calculate the greatest common factor of 19561 and 93.
31
What is the highest common divisor of 44 and 121?
11
What is the greatest common factor of 688 and 4214?
86
Calculate the greatest common divisor of 29901 and 3.
3
What is the highest common divisor of 76 and 1748?
76
Calculate the greatest common factor of 572 and 132.
44
What is the greatest common divisor of 15 and 4215?
15
Calculate the highest common divisor of 13689 and 81.
81
What is the greatest common factor of 1173 and 23?
23
Calculate the highest common divisor of 105 and 4760.
35
What is the highest common factor of 28 and 70?
14
What is the highest common factor of 42 and 14126?
14
What is the highest common divisor of 1020 and 1870?
170
Calculate the highest common factor of 12 and 600.
12
What is the highest common factor of 20 and 820?
20
What is the greatest common factor of 24 and 20136?
24
Calculate the highest common divisor of 308 and 132.
44
Calculate the greatest common divisor of 336 and 798.
42
Calculate the greatest common factor of 2212 and 21.
7
What is the greatest common factor of 9285 and 60?
15
Calculate the highest common divisor of 31 and 1519.
31
What is the highest common divisor of 254 and 8763?
127
Calculate the highest common factor of 686 and 14.
14
Calculate the greatest common divisor of 368 and 414.
46
What is the greatest common divisor of 476 and 252?
28
What is the highest common divisor of 91 and 1950?
13
What is the highest common divisor of 1352 and 8?
8
What is the greatest common factor of 117 and 27?
9
Calculate the highest common divisor of 88 and 319.
11
Calculate the greatest common factor of 1225 and 25.
25
What is the greatest common divisor of 7395 and 51?
51
What is the highest common factor of 5141 and 53?
53
Calculate the greatest common factor of 110 and 4510.
110
Calculate the highest common factor of 1372 and 49.
49
Calculate the greatest common divisor of 6 and 12.
6
Calculate the greatest common divisor of 4923 and 45.
9
What is the greatest common divisor of 17472 and 28?
28
Calculate the greatest common factor of 23 and 368.
23
Calculate the highest common divisor of 30 and 80.
10
What is the highest common factor of 11271 and 17?
17
Calculate the greatest common factor of 265 and 1060.
265
Calculate the highest common factor of 1 and 1532.
1
What is the highest common divisor of 44 and 22286?
22
Calculate the greatest common factor of 1272 and 4.
4
Calculate the highest common divisor of 444 and 9953.
37
What is the highest common factor of 27 and 6?
3
Calculate the greatest common factor of 22 and 1408.
22
Calculate the highest common factor of 17684 and 4.
4
What is the highest common divisor of 1680 and 80?
80
What is the highest common factor of 76 and 1216?
76
What is the highest common factor of 253 and 77?
11
What is the greatest common factor of 10192 and 224?
112
What is the greatest common divisor of 85 and 1105?
85
Calculate the highest common divisor of 225 and 600.
75
Calculate the greatest common divisor of 167 and 10688.
167
Calculate the highest common factor of 7849 and 167.
167
What is the highest common divisor of 4 and 252?
4
Calculate the highest common divisor of 2875 and 92.
23
Calculate the highest common factor of 45 and 3345.
15
Calculate the highest common divisor of 4000 and 640.
160
What is the greatest common factor of 444 and 6068?
148
Calculate the greatest common divisor of 10621 and 26.
13
What is the greatest common factor of 32 and 288?
32
Calculate the highest common divisor of 22 and 16.
2
What is the greatest common divisor of 9844 and 184?
92
What is the greatest common divisor of 374 and 238?
34
Calculate the greatest common factor of 120 and 96.
24
Calculate the highest common factor of 430 and 570.
10
What is the greatest common divisor of 15 and 31935?
15
What is the highest common divisor of 540 and 48?
12
What is the greatest common divisor of 310 and 186?
62
What is the highest common divisor of 1147 and 148?
37
What is the greatest common factor of 13 and 2470?
13
What is the highest common factor of 800 and 10700?
100
What is the highest common divisor of 196 and 280?
28
What is the greatest common factor of 39 and 3783?
39
What is the greatest common divisor of 24 and 648?
24
What is the highest common factor of 20 and 115?
5
Calculate the greatest common divisor of 11 and 22.
11
What is the greatest common divisor of 56 and 1?
1
What is the highest common factor of 150 and 2400?
150
What is the highest common factor of 91 and 763?
7
What is the highest common factor of 2070 and 1530?
90
Calculate the greatest common factor of 1349 and 71.
71
Calculate the highest common factor of 88 and 792.
88
Calculate the greatest common divisor of 16 and 55984.
16
Calculate the highest common divisor of 27 and 12.
3
What is the greatest common divisor of 14 and 266?
14
Calculate the highest common factor of 23616 and 36.
36
Calculate the highest common divisor of 74 and 1110.
74
What is the greatest common factor of 29 and 21547?
29
What is the highest common factor of 1337 and 7?
7
Calculate the greatest common divisor of 3775 and 50.
25
What is the highest common divisor of 4410 and 120?
30
What is the highest common factor of 48 and 3?
3
Calculate the greatest common divisor of 2 and 82.
2
Calculate the highest common factor of 42 and 1701.
21
Calculate the highest common divisor of 60 and 216.
12
Calculate the greatest common divisor of 5 and 4705.
5
What is the highest common divisor of 472 and 24?
8
What is the highest common factor of 10 and 225?
5
Calculate the highest common divisor of 1 and 244.
1
Calculate the highest common factor of 2218 and 2.
2
Calculate the greatest common divisor of 440 and 165.
55
Calculate the greatest common factor of 2 and 82.
2
What is the greatest common divisor of 120 and 3060?
60
Calculate the highest common factor of 1517 and 444.
37
Calculate the highest common factor of 14 and 4263.
7
Calculate the highest common factor of 742 and 14.
14
Calculate the highest common factor of 9 and 6.
3
What is the greatest common divisor of 28 and 10?
2
Calculate the highest common factor of 10 and 110.
10
Calculate the highest common factor of 66 and 517.
11
Calculate the highest common factor of 74 and 4440.
74
What is the highest common factor of 2710 and 20?
10
Calculate the greatest common divisor of 9553 and 699.
233
Calculate the highest common factor of 30 and 15945.
15
What is the greatest common factor of 196 and 91?
7
Calculate the greatest common divisor of 33 and 33.
33
What is the greatest common factor of 104762 and 98?
98
What is the highest common factor of 17603 and 29?
29
Calculate the highest common factor of 225 and 18.
9
Calculate the highest common divisor of 396 and 27.
9
Calculate the greatest common factor of 62 and 3782.
62
What is the greatest common factor of 50 and 150?
50
What is the highest common divisor of 30 and 4710?
30
Calculate the highest common divisor of 598 and 